{"id":204,"date":"2021-05-11T08:45:14","date_gmt":"2021-05-11T06:45:14","guid":{"rendered":"http:\/\/craterwp.spiraclethemes.com\/demo1\/?page_id=23"},"modified":"2025-02-25T12:30:24","modified_gmt":"2025-02-25T11:30:24","slug":"quienes-somos","status":"publish","type":"page","link":"https:\/\/albaitaritza.com\/eus\/quienes-somos\/","title":{"rendered":"Nor gara?"},"content":{"rendered":"<div data-elementor-type=\"wp-post\" data-elementor-id=\"204\" class=\"elementor elementor-204\">\n\t\t\t\t\t\t<section class=\"elementor-section elementor-top-section elementor-element elementor-element-a4f8b08 elementor-section-stretched elementor-section-height-min-height elementor-section-boxed elementor-section-height-default elementor-section-items-middle\" data-id=\"a4f8b08\" data-element_type=\"section\" data-e-type=\"section\" data-settings=\"{&quot;stretch_section&quot;:&quot;section-stretched&quot;,&quot;background_background&quot;:&quot;classic&quot;}\">\n\t\t\t\t\t\t\t<div class=\"elementor-background-overlay\"><\/div>\n\t\t\t\t\t\t\t<div class=\"elementor-container elementor-column-gap-default\">\n\t\t\t\t\t<div class=\"elementor-column elementor-col-100 elementor-top-column elementor-element elementor-element-d8657c4\" data-id=\"d8657c4\" data-element_type=\"column\" data-e-type=\"column\">\n\t\t\t<div class=\"elementor-widget-wrap elementor-element-populated\">\n\t\t\t\t\t\t<div class=\"elementor-element elementor-element-60eaba3 elementor-widget elementor-widget-heading\" data-id=\"60eaba3\" data-element_type=\"widget\" data-e-type=\"widget\" data-widget_type=\"heading.default\">\n\t\t\t\t<div class=\"elementor-widget-container\">\n\t\t\t\t\t<h2 class=\"elementor-heading-title elementor-size-default\">ALBAITARITZA<\/h2>\t\t\t\t<\/div>\n\t\t\t\t<\/div>\n\t\t\t\t<div class=\"elementor-element elementor-element-1659fb3 elementor-widget elementor-widget-heading\" data-id=\"1659fb3\" data-element_type=\"widget\" data-e-type=\"widget\" data-widget_type=\"heading.default\">\n\t\t\t\t<div class=\"elementor-widget-container\">\n\t\t\t\t\t<p class=\"elementor-heading-title elementor-size-default\">Txikizkako merkataritza<\/p>\t\t\t\t<\/div>\n\t\t\t\t<\/div>\n\t\t\t\t\t<\/div>\n\t\t<\/div>\n\t\t\t\t\t<\/div>\n\t\t<\/section>\n\t\t\t\t<section class=\"elementor-section elementor-top-section elementor-element elementor-element-4aa0ed6e elementor-section-boxed elementor-section-height-default elementor-section-height-default\" data-id=\"4aa0ed6e\" data-element_type=\"section\" data-e-type=\"section\">\n\t\t\t\t\t\t<div class=\"elementor-container elementor-column-gap-default\">\n\t\t\t\t\t<div class=\"elementor-column elementor-col-50 elementor-top-column elementor-element elementor-element-47a00fe7 animated-fast elementor-invisible\" data-id=\"47a00fe7\" data-element_type=\"column\" data-e-type=\"column\" data-settings=\"{&quot;animation&quot;:&quot;zoomIn&quot;}\">\n\t\t\t<div class=\"elementor-widget-wrap elementor-element-populated\">\n\t\t\t\t\t\t<div class=\"elementor-element elementor-element-35956f34 elementor-widget elementor-widget-heading\" data-id=\"35956f34\" data-element_type=\"widget\" data-e-type=\"widget\" data-widget_type=\"heading.default\">\n\t\t\t\t<div class=\"elementor-widget-container\">\n\t\t\t\t\t<h4 class=\"elementor-heading-title elementor-size-default\">Nor gara?<\/h4>\t\t\t\t<\/div>\n\t\t\t\t<\/div>\n\t\t\t\t<div class=\"elementor-element elementor-element-531b662a elementor-widget elementor-widget-heading\" data-id=\"531b662a\" data-element_type=\"widget\" data-e-type=\"widget\" data-widget_type=\"heading.default\">\n\t\t\t\t<div class=\"elementor-widget-container\">\n\t\t\t\t\t<h2 class=\"elementor-heading-title elementor-size-default\">Zerbitzu integrala abeltzainari<\/h2>\t\t\t\t<\/div>\n\t\t\t\t<\/div>\n\t\t\t\t<div class=\"elementor-element elementor-element-79ab2f8 elementor-widget elementor-widget-image\" data-id=\"79ab2f8\" data-element_type=\"widget\" data-e-type=\"widget\" data-widget_type=\"image.default\">\n\t\t\t\t<div class=\"elementor-widget-container\">\n\t\t\t\t\t\t\t\t\t\t\t\t\t\t\t<img fetchpriority=\"high\" decoding=\"async\" width=\"640\" height=\"379\" src=\"https:\/\/albaitaritza.com\/wp-content\/uploads\/albaitaritza-genetica-edificio-nevado-1-1024x606-1.jpg\" class=\"attachment-large size-large wp-image-2068\" alt=\"\" srcset=\"https:\/\/albaitaritza.com\/wp-content\/uploads\/albaitaritza-genetica-edificio-nevado-1-1024x606-1.jpg 1024w, https:\/\/albaitaritza.com\/wp-content\/uploads\/albaitaritza-genetica-edificio-nevado-1-1024x606-1-600x355.jpg 600w, https:\/\/albaitaritza.com\/wp-content\/uploads\/albaitaritza-genetica-edificio-nevado-1-1024x606-1-64x38.jpg 64w, https:\/\/albaitaritza.com\/wp-content\/uploads\/albaitaritza-genetica-edificio-nevado-1-1024x606-1-300x178.jpg 300w, https:\/\/albaitaritza.com\/wp-content\/uploads\/albaitaritza-genetica-edificio-nevado-1-1024x606-1-768x455.jpg 768w\" sizes=\"(max-width: 640px) 100vw, 640px\" \/>\t\t\t\t\t\t\t\t\t\t\t\t\t\t\t<\/div>\n\t\t\t\t<\/div>\n\t\t\t\t\t<\/div>\n\t\t<\/div>\n\t\t\t\t<div class=\"elementor-column elementor-col-50 elementor-top-column elementor-element elementor-element-1d1eaf6e animated-fast elementor-invisible\" data-id=\"1d1eaf6e\" data-element_type=\"column\" data-e-type=\"column\" data-settings=\"{&quot;animation&quot;:&quot;zoomIn&quot;}\">\n\t\t\t<div class=\"elementor-widget-wrap elementor-element-populated\">\n\t\t\t\t\t\t<div class=\"elementor-element elementor-element-36b37c68 elementor-widget elementor-widget-text-editor\" data-id=\"36b37c68\" data-element_type=\"widget\" data-e-type=\"widget\" data-widget_type=\"text-editor.default\">\n\t\t\t\t<div class=\"elementor-widget-container\">\n\t\t\t\t\t\t\t\t\t<p>ALBAITARITZA Produktu zoosanitarioen txikizkako saltzailea da, abeltzaintzarako eta albaitaritzarako materiala, behi, ardi, txerri eta hegaztien azken belaunaldiko produktuak dituena.<\/p><p>&nbsp;<\/p><p>Hainbat saltoki eta sare komertzial Espainiako eta Frantziako estatuetan.<\/p><p>Las oficinas y almac\u00e9n central est\u00e1n situados en Irurtzun (Nafarroa-Navarra), y las tiendas en: Irurtzun y Elizondo (Nafarroa-Navarra). Central Albaitaritza Pol\u00edgono Akaborro s\/n 31860 Irurtzun (Nafarroa-Navarra)<\/p>\t\t\t\t\t\t\t\t<\/div>\n\t\t\t\t<\/div>\n\t\t\t\t\t<\/div>\n\t\t<\/div>\n\t\t\t\t\t<\/div>\n\t\t<\/section>\n\t\t\t\t<section class=\"elementor-section elementor-top-section elementor-element elementor-element-5c63adc elementor-section-stretched elementor-section-height-min-height elementor-section-boxed elementor-section-height-default elementor-section-items-middle\" data-id=\"5c63adc\" data-element_type=\"section\" data-e-type=\"section\" data-settings=\"{&quot;stretch_section&quot;:&quot;section-stretched&quot;,&quot;background_background&quot;:&quot;classic&quot;}\">\n\t\t\t\t\t\t\t<div class=\"elementor-background-overlay\"><\/div>\n\t\t\t\t\t\t\t<div class=\"elementor-container elementor-column-gap-default\">\n\t\t\t\t\t<div class=\"elementor-column elementor-col-50 elementor-top-column elementor-element elementor-element-56c22364 animated-fast elementor-invisible\" data-id=\"56c22364\" data-element_type=\"column\" data-e-type=\"column\" data-settings=\"{&quot;animation&quot;:&quot;zoomIn&quot;}\">\n\t\t\t<div class=\"elementor-widget-wrap elementor-element-populated\">\n\t\t\t\t\t\t<div class=\"elementor-element elementor-element-74e01743 elementor-widget elementor-widget-heading\" data-id=\"74e01743\" data-element_type=\"widget\" data-e-type=\"widget\" data-widget_type=\"heading.default\">\n\t\t\t\t<div class=\"elementor-widget-container\">\n\t\t\t\t\t<h2 class=\"elementor-heading-title elementor-size-default\">Gehiago jakin nahi duzu?<\/h2>\t\t\t\t<\/div>\n\t\t\t\t<\/div>\n\t\t\t\t<div class=\"elementor-element elementor-element-7c0864e2 elementor-widget elementor-widget-heading\" data-id=\"7c0864e2\" data-element_type=\"widget\" data-e-type=\"widget\" data-widget_type=\"heading.default\">\n\t\t\t\t<div class=\"elementor-widget-container\">\n\t\t\t\t\t<p class=\"elementor-heading-title elementor-size-default\">Jarri gurekin harremanetan, eta argituko ditugu zalantza guztiak.<\/p>\t\t\t\t<\/div>\n\t\t\t\t<\/div>\n\t\t\t\t\t<\/div>\n\t\t<\/div>\n\t\t\t\t<div class=\"elementor-column elementor-col-50 elementor-top-column elementor-element elementor-element-51d66949 animated-fast elementor-invisible\" data-id=\"51d66949\" data-element_type=\"column\" data-e-type=\"column\" data-settings=\"{&quot;animation&quot;:&quot;zoomIn&quot;}\">\n\t\t\t<div class=\"elementor-widget-wrap elementor-element-populated\">\n\t\t\t\t\t\t<div class=\"elementor-element elementor-element-5a5339ce elementor-align-center btn elementor-widget elementor-widget-button\" data-id=\"5a5339ce\" data-element_type=\"widget\" data-e-type=\"widget\" data-widget_type=\"button.default\">\n\t\t\t\t<div class=\"elementor-widget-container\">\n\t\t\t\t\t\t\t\t\t<div class=\"elementor-button-wrapper\">\n\t\t\t\t\t<a class=\"elementor-button elementor-button-link elementor-size-sm\" href=\"https:\/\/albaitaritza.com\/eus\/contacto\/\">\n\t\t\t\t\t\t<span class=\"elementor-button-content-wrapper\">\n\t\t\t\t\t\t\t\t\t<span class=\"elementor-button-text\">KONTAKTUA<\/span>\n\t\t\t\t\t<\/span>\n\t\t\t\t\t<\/a>\n\t\t\t\t<\/div>\n\t\t\t\t\t\t\t\t<\/div>\n\t\t\t\t<\/div>\n\t\t\t\t\t<\/div>\n\t\t<\/div>\n\t\t\t\t\t<\/div>\n\t\t<\/section>\n\t\t\t\t<\/div>","protected":false},"excerpt":{"rendered":"<p>ALBAITARITZA Comercial minorista \u00bfQui\u00e9nes somos? Servicio integral al ganadero ALBAITARITZA Comercial minorista de Productos zoosanitarios, material para la ganader\u00eda y veterinaria, productos de \u00faltima generaci\u00f3n en bovino, ovino, porcino y aves. Venta de productos y material ganadero y veterinario. Productos exclusivos de implantaci\u00f3n de \u00faltima generaci\u00f3n. Varios puntos de venta y red comercial en los estados espa\u00f1ol y franc\u00e9s. Las oficinas y almac\u00e9n central est\u00e1n situados en Irurtzun (Nafarroa-Navarra), y&hellip;<\/p>","protected":false},"author":4,"featured_media":0,"parent":0,"menu_order":0,"comment_status":"closed","ping_status":"closed","template":"","meta":{"inline_featured_image":false,"footnotes":""},"class_list":["post-204","page","type-page","status-publish","hentry"],"_links":{"self":[{"href":"https:\/\/albaitaritza.com\/eus\/wp-json\/wp\/v2\/pages\/204","targetHints":{"allow":["GET"]}}],"collection":[{"href":"https:\/\/albaitaritza.com\/eus\/wp-json\/wp\/v2\/pages"}],"about":[{"href":"https:\/\/albaitaritza.com\/eus\/wp-json\/wp\/v2\/types\/page"}],"author":[{"embeddable":true,"href":"https:\/\/albaitaritza.com\/eus\/wp-json\/wp\/v2\/users\/4"}],"replies":[{"embeddable":true,"href":"https:\/\/albaitaritza.com\/eus\/wp-json\/wp\/v2\/comments?post=204"}],"version-history":[{"count":184,"href":"https:\/\/albaitaritza.com\/eus\/wp-json\/wp\/v2\/pages\/204\/revisions"}],"predecessor-version":[{"id":4181,"href":"https:\/\/albaitaritza.com\/eus\/wp-json\/wp\/v2\/pages\/204\/revisions\/4181"}],"wp:attachment":[{"href":"https:\/\/albaitaritza.com\/eus\/wp-json\/wp\/v2\/media?parent=204"}],"curies":[{"name":"wp","href":"https:\/\/api.w.org\/{rel}","templated":true}]}}