{"id":4545,"date":"2025-11-21T10:54:45","date_gmt":"2025-11-21T09:54:45","guid":{"rendered":"https:\/\/albaitaritza.com\/?post_type=product&#038;p=4545"},"modified":"2025-12-22T17:32:40","modified_gmt":"2025-12-22T16:32:40","slug":"inyector-universal-quicklock","status":"publish","type":"product","link":"https:\/\/albaitaritza.com\/eus\/produktua\/inyector-universal-quicklock\/","title":{"rendered":"Inyector universal QUICKLOCK"},"content":{"rendered":"<p>Presentado con un mango ergon\u00f3mico y de f\u00e1cil fijaci\u00f3n para todo tipo de pajuela y vainas. Todo ello est\u00e1 fabricado en material pl\u00e1stico o acero inoxidable y es perfectamente esterilizable.<\/p>","protected":false},"excerpt":{"rendered":"<p>Adecuado para todo tipo de pajuelas, <strong>maxis o minis.<\/strong><\/p>\n<p>&nbsp;<\/p>\n<h1 class=\"section-heading__title\" data-ng-bind=\"pdpCtrl.activeVariant.name\" data-testid=\"pdp_product_name\"><\/h1>\n<p>&nbsp;<\/p>","protected":false},"featured_media":4720,"template":"","meta":{"inline_featured_image":false},"product_brand":[],"product_cat":[46],"product_tag":[],"class_list":{"0":"post-4545","1":"product","2":"type-product","3":"status-publish","4":"has-post-thumbnail","6":"product_cat-inseminacion","8":"first","9":"instock","10":"shipping-taxable","11":"product-type-simple"},"_links":{"self":[{"href":"https:\/\/albaitaritza.com\/eus\/wp-json\/wp\/v2\/product\/4545","targetHints":{"allow":["GET"]}}],"collection":[{"href":"https:\/\/albaitaritza.com\/eus\/wp-json\/wp\/v2\/product"}],"about":[{"href":"https:\/\/albaitaritza.com\/eus\/wp-json\/wp\/v2\/types\/product"}],"wp:featuredmedia":[{"embeddable":true,"href":"https:\/\/albaitaritza.com\/eus\/wp-json\/wp\/v2\/media\/4720"}],"wp:attachment":[{"href":"https:\/\/albaitaritza.com\/eus\/wp-json\/wp\/v2\/media?parent=4545"}],"wp:term":[{"taxonomy":"product_brand","embeddable":true,"href":"https:\/\/albaitaritza.com\/eus\/wp-json\/wp\/v2\/product_brand?post=4545"},{"taxonomy":"product_cat","embeddable":true,"href":"https:\/\/albaitaritza.com\/eus\/wp-json\/wp\/v2\/product_cat?post=4545"},{"taxonomy":"product_tag","embeddable":true,"href":"https:\/\/albaitaritza.com\/eus\/wp-json\/wp\/v2\/product_tag?post=4545"}],"curies":[{"name":"wp","href":"https:\/\/api.w.org\/{rel}","templated":true}]}}