{"id":4763,"date":"2026-03-18T17:28:23","date_gmt":"2026-03-18T16:28:23","guid":{"rendered":"https:\/\/albaitaritza.com\/?post_type=product&#038;p=4763"},"modified":"2026-03-18T17:33:57","modified_gmt":"2026-03-18T16:33:57","slug":"milkbar-cubo-1-tetina-8l","status":"publish","type":"product","link":"https:\/\/albaitaritza.com\/eus\/produktua\/milkbar-cubo-1-tetina-8l\/","title":{"rendered":"MILKBAR CUBO 1 TETINA 8L"},"content":{"rendered":"<p>Con los ganchos Ezi Lock puedes colgar este comedero en cualquier sitio, desde barandas de madera hasta puertas de cobertizos.<br \/>\nSimplemente cuelga el comedero en su lugar, bloquea los ganchos y ll\u00e9nalo con leche.<br \/>\nDespu\u00e9s de la alimentaci\u00f3n puedes quitar el comedero o darle la vuelta hasta la pr\u00f3xima alimentaci\u00f3n.<\/p>\n<p>Para que los terneros tengan la mejor posici\u00f3n para beber, cuelga el comedero en una baranda a unos 100 cm de altura. Esto coloca la tetina a 60 cm, que es la altura \u00f3ptima para los terneros, y ayuda a que el surco esof\u00e1gico se cierre y la leche pase por el rumen.<\/p>\n<p>&nbsp;<\/p>","protected":false},"excerpt":{"rendered":"<p>Con los ganchos Ezi Lock puedes colgar este comedero en cualquier sitio, desde barandas de madera hasta puertas de cobertizos. Basta con colgar el comedero en su sitio, bloquear los ganchos y llenarlo de leche. Despu\u00e9s de la alimentaci\u00f3n, puedes retirar el comedero o colocarlo boca abajo hasta la siguiente alimentaci\u00f3n.<br \/>\nPara que los terneros tengan la mejor posici\u00f3n para beber, cuelga el comedero en una baranda de unos 100 cm de altura. Esto coloca la tetina a 60 cm, que es la altura \u00f3ptima para los terneros, y ayuda a que el surco esof\u00e1gico se cierre y la leche pase por el rumen.<\/p>\n<h1 class=\"section-heading__title\" data-ng-bind=\"pdpCtrl.activeVariant.name\" data-testid=\"pdp_product_name\"><\/h1>\n<p>&nbsp;<\/p>","protected":false},"featured_media":4764,"template":"","meta":{"inline_featured_image":false},"product_brand":[],"product_cat":[45],"product_tag":[],"class_list":{"0":"post-4763","1":"product","2":"type-product","3":"status-publish","4":"has-post-thumbnail","6":"product_cat-gestion-de-recria","8":"first","9":"instock","10":"shipping-taxable","11":"product-type-simple"},"_links":{"self":[{"href":"https:\/\/albaitaritza.com\/eus\/wp-json\/wp\/v2\/product\/4763","targetHints":{"allow":["GET"]}}],"collection":[{"href":"https:\/\/albaitaritza.com\/eus\/wp-json\/wp\/v2\/product"}],"about":[{"href":"https:\/\/albaitaritza.com\/eus\/wp-json\/wp\/v2\/types\/product"}],"wp:featuredmedia":[{"embeddable":true,"href":"https:\/\/albaitaritza.com\/eus\/wp-json\/wp\/v2\/media\/4764"}],"wp:attachment":[{"href":"https:\/\/albaitaritza.com\/eus\/wp-json\/wp\/v2\/media?parent=4763"}],"wp:term":[{"taxonomy":"product_brand","embeddable":true,"href":"https:\/\/albaitaritza.com\/eus\/wp-json\/wp\/v2\/product_brand?post=4763"},{"taxonomy":"product_cat","embeddable":true,"href":"https:\/\/albaitaritza.com\/eus\/wp-json\/wp\/v2\/product_cat?post=4763"},{"taxonomy":"product_tag","embeddable":true,"href":"https:\/\/albaitaritza.com\/eus\/wp-json\/wp\/v2\/product_tag?post=4763"}],"curies":[{"name":"wp","href":"https:\/\/api.w.org\/{rel}","templated":true}]}}